?
-6
Let q(g) = g**2 + 493*g + 4363. Determine q(-9).
7
Let g(a) = 974*a - 38000. Calculate g(39).
-14
Let p(d) = -10719*d - 268009. Calculate p(-25).
-34
Let p(f) = 11662*f - 361560. Give p(31).
-38
Let c(v) = -v**3 + 26*v**2 + 312*v - 4550. What is c(31)?
317
Let p(x) = 9213*x + 351267. What is p(-38)?
1173
Let r(t) = -3*t**3 - 3*t**2 - 7*t - 212. Calculate r(-10).
2558
Let v(s) = 150*s + 1797. What is v(-12)?
-3
Let g(n) = 4964*n - 5301559. What is g(1068)?
-7
Let g(u) = -4884*u - 410261. Determine g(-84).
-5
Let a(g) = g**3 - 38*g**2 - 103*g - 902. Give a(41).
-82
Let u(z) = 4560*z + 45514. Determine u(-10).
-86
Let j(a) = 33*a**2 - 345*a - 50. Give j(11).
148
Let l(c) = c**3 + 33*c**2 - 206*c - 7709. Give l(-32).
-93
Let m(k) = 11*k**2 - 1687*k + 542. What is m(153)?
-70
Let c(s) = 42593*s + 298157. What is c(-7)?
6
Let x(l) = 19450*l - 447348. Give x(23).
2
Let z(j) = j**3 + 280*j**2 - 2906*j + 88. Calculate z(10).
28
Let k(d) = -19*d - 1157. Determine k(22).
-1575
Let i(r) = -47*r**2 + 53*r + 25. What is i(4)?
-515
Let v(b) = -2*b**3 + 3424*b**2 - 27*b + 46209. What is v(1712)?
-15
Let h(j) = 13*j**3 + 6464*j**2 + 1486*j - 2499. Give h(-497).
-14
Let x(m) = 23*m**2 + 2405*m - 1141. Determine x(-105).
-91
Let m(t) = 2*t**3 + 505*t**2 + 712*t - 9149. Calculate m(-251).
1142
Let t(l) = -9*l**2 - 1106*l - 30897. Give t(-80).
-17
Let b(o) = -o**3 + 56*o**2 - 5176*o + 281655. Calculate b(55).
0
Let n(c) = c**3 + 8*c**2 + 9*c + 176. Give n(-6).
194
Let k(l) = -18*l**2 - 2457*l + 1475. What is k(-137)?
242
Let d(i) = -16188*i - 404736. Determine d(-25).
-36
Let d(q) = 2*q**2 + 427*q - 6378. Give d(14).
-8
Let b(x) = 6*x**2 + 99*x - 19251. Determine b(49).
6
Let z(o) = -35347*o + 7882378. Determine z(223).
-3
Let p(u) = 4*u**3 - 124*u**2 + 12*u + 70. Determine p(31).
442
Let l(x) = 2*x**3 + 209*x**2 + 122*x + 2105. Determine l(-104).
233
Let g(n) = -396*n**2 + 15044*n + 185. Determine g(38).
33
Let w(n) = -18*n**2 + 330*n - 467. Give w(3).
361
Let v(u) = 7*u**3 + 92*u**2 + 12*u - 60. What is v(-13)?
-47
Let r(f) = -2*f**2 - 57*f + 691679. Calculate r(574).
9
Let t(p) = 3*p**2 - 179*p + 2036. What is t(45)?
56
Let n(s) = 15*s**3 + 12*s**2 - 36*s + 60. Give n(3).
465
Let h(w) = -w**2 + 2942*w - 104637. What is h(36)?
-21
Let t(c) = -c - 60. Give t(-15).
-45
Let p(a) = 145*a + 6855. Give p(-46).
185
Let c(f) = -f**3 - 17*f**2 + 5672*f + 80007. Calculate c(-14).
11
Let q(r) = 85*r**2 - 631*r + 2523. Give q(4).
1359
Let w(g) = 7427*g**2 + 334226*g + 511. Give w(-45).
16
Let g(a) = -320*a**2 + 5487*a - 789. What is g(17)?
10
Let p(t) = -2*t**2 - 214*t - 1005. Give p(-102).
15
Let q(z) = -z**3 - 188*z**2 - 3501*z - 565. What is q(-167)?
-1567
Let f(p) = p**3 - 64*p**2 + 12*p - 3846. Give f(65).
1159
Let f(o) = o**3 - 448*o**2 - 354*o - 42770. Give f(449).
-115
Let t(q) = 3151*q - 25199. Determine t(8).
9
Let y(t) = 2*t**3 - 8*t**2 + 2*t + 35. Calculate y(5).
95
Let d(o) = o**3 + 190*o**2 - 39996*o + 22677. Determine d(126).
-3
Let j(z) = 3864*z + 1098. Give j(0).
1098
Let h(g) = -294*g**2 + 65*g + 16. Determine h(1).
-213
Let r(d) = -65*d**2 + 1869*d + 90. What is r(29)?
-374
Let i(c) = c**3 - 25*c**2 - 1049*c - 152. What is i(-20)?
2828
Let c(j) = j**2 - 11892*j - 35714. Give c(-3).
-29
Let u(b) = 22*b**3 - 503*b**2 - 36*b - 283. Calculate u(23).
476
Let o(z) = 3*z**3 - 58*z**2 - 66*z + 260. Calculate o(21).
1079
Let q(z) = 2598*z - 18150. Calculate q(7).
36
Let c(l) = 18226*l + 72947. What is c(-4)?
43
Let v(y) = -16640*y - 3311359. What is v(-199)?
1
Let q(i) = 2*i**3 + 284*i**2 + 26*i + 3716. What is q(-142)?
24
Let x(n) = -n**3 - 54*n**2 + 9271*n - 76. What is x(73)?
-76
Let q(t) = t**3 + 11*t**2 + 4*t - 24. Calculate q(-10).
36
Let q(f) = f**3 + 73*f**2 - 845*f - 16004. Calculate q(-81).
-47
Let d(i) = i**2 - 4567*i - 64316. Give d(-14).
-182
Let b(p) = -34*p**3 + 25230*p**2 - 1484*p + 14. Calculate b(742).
14
Let k(v) = v**3 + 1031*v**2 + 80409*v - 80. What is k(-85)?
5
Let t(v) = -8*v**3 + 1340*v**2 + 667*v + 899. Give t(168).
59
Let f(s) = 44*s**2 + 11336*s + 83987. Calculate f(-250).
-13
Let c(h) = -h**3 - 217*h**2 - 10829*h + 32531. Determine c(-135).
-4
Let n(t) = 4*t**2 - 735*t - 1473. Give n(186).
201
Let a(j) = -j**3 - 121*j**2 + 2062*j - 252. Determine a(15).
78
Let g(o) = 2*o**2 + 441*o + 20973. Determine g(-147).
-636
Let n(k) = -4*k**3 - 115*k**2 - 3*k + 49. Give n(0).
49
Let z(w) = 158220*w + 2373298. Give z(-15).
-2
Let n(i) = 52*i + 10433. Determine n(-200).
33
Let c(w) = 498*w**2 - 2463*w + 5. Calculate c(5).
140
Let r(v) = -v**2 - 19*v + 723. Determine r(13).
307
Let h(t) = 223189*t - 1785504. Calculate h(8).
8
Let x(w) = -56426*w - 902920. Determine x(-16).
-104
Let d(p) = 6*p**2 + 399*p + 2211. Give d(-63).
888
Let p(j) = 6*j**3 + 1549*j**2 + 3342*j + 3580. Calculate p(-256).
-4
Let t(z) = 322*z - 14210. Calculate t(44).
-42
Let i(l) = 2725*l - 291694. Calculate i(107).
-119
Let z(n) = -n**3 + 7*n**2 + 616*n + 2318. Give z(-4).
30
Let t(f) = f**3 - 237*f**2 - 944*f - 4995. Determine t(241).
-175
Let q(a) = -a**2 + 339*a - 345. What is q(1)?
-7
Let c(r) = 224*r**2 - 83106*r + 767. Calculate c(371).
25
Let p(w) = -w**2 + 106*w + 43524. Calculate p(-162).
108
Let u(b) = -3*b**2 + 60*b + 273. Determine u(17).
426
Let a(w) = -7*w**2 + 237*w + 83. Give a(26).
1513
Let q(n) = 33029*n + 561390. Determine q(-17).
-103
Let a(p) = 11*p**3 + 3717*p**2 - 339*p - 741. Give a(-338).
-403
Let j(d) = d**2 - 138*d - 23468. What is j(-100)?
332
Let p(m) = 7600*m + 30370. Calculate p(-4).
-30
Let y(r) = -2*r**3 - 135*r**2 - 19*r + 11762. Calculate y(-66).
-52
Let x(l) = -284*l - 7405. Give x(-25).
-305
Let a(n) = -50*n**2 - 1180*n - 5034. Calculate a(-18).
6
Let b(h) = 1571*h - 33004. Give b(21).
-13
Let u(s) = -261*s + 2642. What is u(9)?
293
Let a(d) = 44864*d - 358916. Give a(8).
-4
Let r(a) = 950*a - 152890. Determine r(161).
60
Let t(m) = 44*m**2 - 17984*m - 41051. Determine t(411).
49
Let g(j) = -51708*j - 155258. Give g(-3).
-134
Let i(t) = t**3 - 11*t**2 + 1229*t - 14939. Determine i(12).
-47
Let u(q) = -2*q**3 - 142*q**2 + 230*q + 16305. What is u(-71)?
-25
Let o(h) = 5125*h - 225543. Calculate o(44).
-43
Let r(f) = f**2 + 22955*f + 573276. Calculate r(-25).
26
Let t(g) = -2*g**3 - 877*g**2 + 1309*g - 4834. Give t(-440).
6
Let q(o) = 5*o**2 + 147*o + 1466. Calculate q(-11).
454
Let k(g) = 8738*g + 122321. Determine k(-14).
-11
Let w(z) = 376*z + 41341. What is w(-110)?
-19
Let p(i) = -360*i + 5752. What is p(16)?
-8
Let n(z) = -2*z**2 + 158*z - 3060. What is n(48)?
-84
Let a(v) = 24550*v - 24322. Give a(1).
228
Let n(b) = 3272*b + 6297. Give n(-2).
-247
Let f(u) = -886*u - 36. What is f(0)?
-36
Let s(p) = 2*p**3 + 8*p**2 - 443*p - 2526. Calculate s(-6).
-12
Let n(u) = u**2 - 17943*u + 179401. Give n(10).
71
Let z(x) = -x**2 - 4388*x + 30762. Give z(7).
-3
Let r(o) = 6007*o - 1117302. What is r(186)?
0
Let h(a) = -29*a**3 - 638*a**2 + 4*a + 41. Determine h(-22).
-47
Let u(h) = -4*h**2 - 26387*h + 423250. Give u(16).
34
Let j(u) = -4153*u + 83061. Calculate j(20).
1
Let x(i) = -15*i**2 - 656*i - 5400. Give x(-11).
1
Let t(k) = k**2 + 212*k - 13039. Calculate t(-261).
-250
Let a(l) = 2*l**3 + 55*l**2 + 140*l + 3054. Calculate a(-27).
3
Let d(m) = m**3 + 11*m**2 - 5476*m - 49442. Determine d(-9).
4
Let g(m) = m**3 - 37*m**2 + 240*m - 43. Calculate g(8).
21
Let b(l) = -19*l**2 - 11760*l - 409105. Give b(-37).
4
Let p(l) = -2*l**2 + 1552*l - 98838. Determine p(70).
2
Let s(k) = -26050*k + 234592. What is s(9)?
142
Let y(b) = 21*b**2 - 1726*b + 17905. Calculate y(70).
-15
Let d(c) = -982050*c + 10802546. Calculate d(11).
-4
Let u(s) = 3*s**3 - 705*s**2 + 6757*s - 1567. Determine u(225).
8
Let v(z) = z**2 + 2091*z + 664695. Calculate v(-391).
-5
Let y(s) = s**3 - 32*s**2 + 210*s + 2442. Give y(-6).
-186
Let m(b) = 950*b - 5710. Give m(6).
-10
Let i(l) = l**3 - 48*l**2 + 38*l + 1350. Determine i(47).
927
Let z(c) = -559*c**2 + 48*c - 23. What is z(2)?
-2163
Let t(w) = 20*w**3 - 1002*w**2 + 106*w - 344. Give t(50).
-44
Let x(p) = -p**2 + 4370*p - 190353. What is x(44)?
-9
Let t(h) = -12*h**2 + 78*h + 152. Give t(-2).
-52
Let i(q) = 75*q**2 - 102*q - 1631. Give i(-4).
-23
Let w(y) = -y**2 - 83*y + 116258. Give w(302).
-12
Let t(f) = -32*f**3 -